ighest common factor of 1 and i.
1
Let k be (1 - 1)/2 - (-5 + 0). Suppose 4*u - 4*t = -2*t + 120, 0 = k*t. Calculate the greatest common factor of u and 10.
10
Let u = -33 - -5. Let c = u - -37. Calculate the highest common divisor of c and 1.
1
Suppose -3*r + 4*v + 85 = 0, 11 = 4*r - v - 98. What is the greatest common divisor of 621 and r?
27
Suppose 4*y = y + 3*h + 321, -3*y + h + 315 = 0. Calculate the greatest common factor of 39 and y.
13
Let t = 329 + -146. What is the highest common factor of 122 and t?
61
Suppose -13*o + 4*h = -17*o + 180, 189 = 4*o - 5*h. What is the greatest common divisor of 3220 and o?
46
Suppose 2*h - c = 92, 3*c = 2*h - c - 92. Calculate the highest common factor of 92 and h.
46
Let j(q) = -q**2 - q + 23. Let g be j(-9). Suppose t + 35 = -0*t. Let f = t - g. What is the greatest common divisor of f and 21?
7
Let a = -29 - -25. Let p(x) = x**2 - x - 4. Let m be p(a). Let u be 172/m + 4/16. What is the highest common divisor of u and 33?
11
Let n = 55 - 70. Let c be n*(-3 + 65/25). Calculate the greatest common divisor of 42 and c.
6
Let z = 26 - 22. Suppose 5*c - s = 844, 164 = -z*c + 5*c + s. Calculate the highest common divisor of c and 28.
28
Let c = 152 + 167. Calculate the greatest common factor of 116 and c.
29
Let x be 92/(-161) - (-1082)/7. Calculate the greatest common factor of x and 22.
22
Let l(j) = j - 4 + 1 + 4. Let x be l(13). Let k = -6 + x. Calculate the greatest common factor of k and 32.
8
Let c(k) = -4*k**3 + 2*k**2 + 4*k - 3. Let q be c(-2). Calculate the greatest common factor of q and 464.
29
Let z = 9 - -8. Suppose -z*x + 280 = -12*x. Let s = 16 - 9. What is the greatest common divisor of s and x?
7
Let j(v) = v**2 - 60*v - 1380. Let i be j(-18). Let m(l) = 3*l**3 + l**2. Let y be m(1). Calculate the highest common factor of y and i.
4
Suppose 4*k + 61 = -s, -2*s - 122 = -6*k + 3*k. Let z = s + 37. Let h be (16/z)/((-4)/6). Calculate the greatest common factor of h and 2.
1
Let g = 1495 - 1005. Calculate the highest common factor of g and 196.
98
Let g(i) = 2*i**2 - 5*i - 18. Let d be g(8). What is the greatest common factor of 1120 and d?
70
Let a(l) = -3*l**2 - l - l + 9 - 3 + l**3. Let r be a(3). Suppose 12 = d + 5*p - r, 0 = -2*d + 3*p + 63. What is the highest common divisor of 9 and d?
9
Let o(h) = 16*h**2 - h + 13. Let i be o(-4). What is the highest common divisor of 39 and i?
39
Suppose 0 = -57*j + 54*j + 198. What is the greatest common divisor of j and 88?
22
Let l(v) = -v + 85. Let x be (-3)/9 + (-1)/(-3). Let p be l(x). Let k be 71/4 - (903/84 - 10). What is the highest common divisor of p and k?
17
Suppose 4*z = 92 + 28. Suppose 2*l + 3*l = z. What is the greatest common factor of 66 and l?
6
Let g(s) = -s**3 - 3*s**2 - 4*s - 22. Let q be g(-5). Calculate the greatest common divisor of q and 276.
12
Let p(o) = -10*o. Let i be (-1)/((-4 - -3) + 2). Let s be p(i). Calculate the highest common divisor of 25 and s.
5
Let c = -274 + 310. What is the highest common divisor of c and 279?
9
Suppose 8*d - 25 = 231. What is the greatest common factor of d and 12?
4
Let z = 1305 - 1300. What is the greatest common factor of 985 and z?
5
Let r = 12 + 5. Let a(k) = k**3 - 9*k**2 + k - 8. Let i be a(10). Suppose 2*f = -f + i. Calculate the highest common divisor of f and r.
17
Let r be (-9)/4*(-24)/(12/6). Let t be (-2)/7 - (-128)/7. Calculate the highest common factor of t and r.
9
Let g = 34 + 43. Calculate the greatest common divisor of g and 33.
11
Let i be 1/((-4)/8 - -1). Let t be 5/(i + 22/(-10)). Let w = t - -28. Calculate the greatest common factor of w and 21.
3
Suppose -o = 4*o - 160. Let m = 52 - o. Calculate the highest common factor of 8 and m.
4
Suppose 3*l = 2*y - 13, 0*y - 4 = y - 5*l. Suppose -y*h = -8*h - 90. Calculate the greatest common factor of 12 and h.
6
Suppose 1012 + 388 = 14*d. Calculate the highest common factor of d and 75.
25
Let j(m) = -34*m + 5. Let s be j(-5). What is the greatest common divisor of s and 70?
35
Let n = -16 + 36. Suppose 0 = -f - 3*f + 256. Suppose x - f = -4. What is the highest common divisor of x and n?
20
Let r(y) = -18*y - 47. Let i be r(-4). Calculate the highest common divisor of 200 and i.
25
Let l = 59 - -57. Suppose -2*d = 3*y - l, 4*d - 4*y - 105 = 87. Calculate the highest common divisor of d and 13.
13
Let t = 14 + -11. Suppose 4*r - 3*b = 6, -r + 0*b + 3*b = t. What is the greatest common factor of 27 and r?
3
Suppose -1320 = 4*p - 24*p. What is the greatest common factor of 594 and p?
66
Suppose 0 = 26*q - 71*q + 33075. What is the greatest common factor of q and 45?
15
Let r be 37 - ((-1)/(3/6) + -1). What is the highest common factor of r and 5?
5
Let f = -41 + 46. Suppose -2*z + 44 = 3*h, -h = -f*z + 77 - 1. Calculate the highest common factor of 12 and z.
4
Let c(s) = -9*s + 8. Let p be c(-3). Calculate the greatest common divisor of 35 and p.
35
Let a(i) = 4*i**2 - i + 2. Let t be a(-2). Suppose -11*j + 397 = -923. Calculate the highest common divisor of j and t.
20
Suppose 66 = -73*k + 74*k. Calculate the highest common divisor of k and 22.
22
Suppose 56 = 102*a - 101*a. Suppose 24*w + 269 = 1277. Calculate the greatest common factor of a and w.
14
Suppose -21 = 3*t - 2*t. Let h be (7/(t/(-30)))/1. Let u(m) = 8*m + 2. Let o be u(6). What is the greatest common divisor of o and h?
10
Suppose 38 + 926 = 21*y - 296. Let h(m) = -m**2 + 45. Let i be h(0). Calculate the greatest common factor of i and y.
15
Suppose 8 + 34 = 6*q. Suppose q*y = -0*y + 63. Calculate the highest common divisor of y and 81.
9
Let h be 17 - (0/(-1) - -1). Suppose -5*n + 173 + 2439 = i, -2*i + 5164 = -5*n. Let s be (8/6)/(h/i). Calculate the greatest common divisor of s and 27.
27
Suppose -133 = -11*y + 362. Suppose 3*i + y = 330. Calculate the greatest common divisor of i and 38.
19
Let m be (6/2)/(16/((-6160)/(-33))). What is the greatest common divisor of m and 170?
5
Let j be (-2 + (-32)/(-3))*9. Suppose 24 = 2*a - j. What is the highest common divisor of a and 34?
17
Let p = -33471 + 33477. Let n(t) = 2*t**2 + 5*t + 3. Let y be n(-4). What is the greatest common divisor of y and p?
3
Suppose 0 = 3*p - 12. Suppose -5*h + 18 = -4*u, -2 = -h + 4*h + p*u. Suppose 14 = h*t - 16. Calculate the highest common divisor of t and 75.
15
Let g(q) = 9*q - 13. Suppose 0 = -4*m + 3*d + 10, m + d = -0*m + 6. Let u be g(m). Calculate the highest common factor of u and 161.
23
Let w be (-21)/(12 + -5) - -135. What is the greatest common divisor of 36 and w?
12
Let k be -3*(-1140)/81 + (-2)/9. Suppose 44*d = k*d + 96. What is the greatest common divisor of d and 432?
48
Let c(b) = 2*b**2 - 32*b. Let j be c(25). Calculate the highest common factor of 50 and j.
50
Suppose 2*u + 24 = 4*u. Let w = -142 + 154. What is the greatest common divisor of u and w?
12
Suppose 4*k - 2*k = -4, 2*k = b - 12. Let f(o) = 6*o + 22. Let y be f(b). Calculate the greatest common factor of y and 7.
7
Let n(c) = c**2 + 9*c + 6. Let t be n(-10). What is the greatest common divisor of t and 80?
16
Let p(s) = 423*s**2 + 34*s - 34. Let o be p(1). Calculate the highest common factor of 9 and o.
9
Let g = -33 - -36. Suppose 4 = b + g, -j + 3*b + 4 = 0. What is the greatest common factor of j and 7?
7
Suppose -h - 7*h = -512. Calculate the greatest common factor of h and 8.
8
Suppose 4*g + 2*c - 50 = g, -16 = -2*g + 3*c. Suppose 3*h = h + g. Calculate the highest common factor of h and 7.
7
Suppose -416 + 104 = -12*b. What is the greatest common factor of 39 and b?
13
Let k(b) = -4*b**2 + b + 6*b**2 - 12*b**2 - b**3 + 2*b + 14. Let i be k(-10). Let l be 2/(-8) - 484/i. What is the greatest common divisor of l and 6?
6
Suppose -13*j + 10*j = -f - 887, j - 279 = -3*f. Calculate the greatest common divisor of j and 686.
98
Let v be ((-220)/(-6))/(3/(162/4)). Suppose -1896 = -3*x + 5*h - 411, 4*h = x - v. What is the greatest common factor of 45 and x?
45
Let o(x) = -3*x + 72. Let h be o(14). Calculate the highest common divisor of 48 and h.
6
Suppose 4*r = g + 192, 2*r = -2*g + 57 + 29. What is the highest common factor of r and 423?
47
Let b be ((-2)/(-9))/((-9)/(-81)). Suppose -4*o = b*l - 42, -5*o - l = -3*l - 75. Calculate the highest common divisor of 104 and o.
13
Suppose -5*o + 62 = -